{"id":44,"date":"2022-04-29T09:43:40","date_gmt":"2022-04-29T09:43:40","guid":{"rendered":"https:\/\/bs-laichingeralb.de\/wordpress\/?page_id=44"},"modified":"2022-05-06T18:01:29","modified_gmt":"2022-05-06T18:01:29","slug":"neues-aus-dem-verein","status":"publish","type":"page","link":"https:\/\/bs-laichingeralb.de\/wordpress\/?page_id=44","title":{"rendered":"aus dem Verein"},"content":{"rendered":"\n<p>Hier findet ihr alles was es Neues aus dem Verein gibt. <br><\/p>\n\n\n<ul class=\"wp-block-latest-posts__list has-dates has-author wp-block-latest-posts\"><li><a class=\"wp-block-latest-posts__post-title\" href=\"https:\/\/bs-laichingeralb.de\/wordpress\/?p=878\">Danke<\/a><div class=\"wp-block-latest-posts__post-author\">von admin<\/div><time datetime=\"2026-04-12T12:54:54+00:00\" class=\"wp-block-latest-posts__post-date\">12.04.2026<\/time><div class=\"wp-block-latest-posts__post-full-content\"><!-- wp:paragraph -->\n<p>Allen Helfern Danke f\u00fcr den Arbeitseinsatz am 11.04.26.<br>Unser Gel\u00e4nde ist wieder einsatzbereit und kann f\u00fcr die Saison 2026 voll genutzt werden. Der grill hat sich nach intensiver Reinigung durch Maria von seiner besten Seite gezeigt und hat den ersten Einsatz schon bestanden und die Scheiben ihre Feuertaufe auch. Bitte denkt daran, neue Stramitscheiben sind hart und es ist eine gute Idee die Pfeile entsprechend zu schmieren. <br>Allen viel Spa\u00df bei der Sommersaison 26 und vergesst nicht euch f\u00fcr die Vereinsmeisterschaften anzumelden. Am Container h\u00e4ngt eine altmodische analoge Anmeldeliste.<\/p>\n<!-- \/wp:paragraph --><\/div><\/li>\n<li><a class=\"wp-block-latest-posts__post-title\" href=\"https:\/\/bs-laichingeralb.de\/wordpress\/?p=865\">Einladung zum Fr\u00fchjahresarbeitseinsatz 2026<\/a><div class=\"wp-block-latest-posts__post-author\">von admin<\/div><time datetime=\"2026-04-06T05:16:46+00:00\" class=\"wp-block-latest-posts__post-date\">06.04.2026<\/time><div class=\"wp-block-latest-posts__post-full-content\"><!-- wp:paragraph -->\n<p>Hallo zusammen,<\/p>\n<!-- \/wp:paragraph -->\n\n<!-- wp:paragraph -->\n<p>die Sommersaison steht vor der T\u00fcr! Damit unser Bogengel\u00e4nde p\u00fcnktlich startklar ist, brauchen wir eure Hilfe.<\/p>\n<!-- \/wp:paragraph -->\n\n<!-- wp:paragraph -->\n<p><strong>Wann?<\/strong> N\u00e4chsten Samstag, den 11.April 2026 um 11:00 Uhr<\/p>\n<!-- \/wp:paragraph -->\n\n<!-- wp:paragraph -->\n<p><strong>Wo?<\/strong> Unser Bogengel\u00e4nde<\/p>\n<!-- \/wp:paragraph -->\n\n<!-- wp:paragraph -->\n<p>Was steht an?<\/p>\n<!-- \/wp:paragraph -->\n\n<!-- wp:list -->\n<ul class=\"wp-block-list\"><!-- wp:list-item -->\n<li>7 Scheiben aufstellen<\/li>\n<!-- \/wp:list-item -->\n\n<!-- wp:list-item -->\n<li>Die Rutschbahn aufbauen<\/li>\n<!-- \/wp:list-item -->\n\n<!-- wp:list-item -->\n<li>Bruchholz vom Winter wegr\u00e4umen<\/li>\n<!-- \/wp:list-item -->\n\n<!-- wp:list-item -->\n<li>Fr\u00fchjahrsputz im Bauwagen<\/li>\n<!-- \/wp:list-item --><\/ul>\n<!-- \/wp:list -->\n\n<!-- wp:paragraph -->\n<p>Nach getaner Arbeit wollen wir gemeinsam <strong>den Grill in Betrieb nehmen<\/strong>. Bitte bringt euch euer eigenes Grillgut, Salate und was ihr sonst zum Grillen braucht mit. Danach geht es dann direkt ins Training, um zu sehen ob alles passt.<\/p>\n<!-- \/wp:paragraph -->\n\n<!-- wp:paragraph -->\n<p>Wir freuen uns \u00fcber jede helfende Hand \u2013 egal ob selber Sch\u00fctze oder Elternteil.<\/p>\n<!-- \/wp:paragraph -->\n\n<!-- wp:paragraph -->\n<p>Der Arbeitseinsatz findet bei jedem Wetter statt! Also denkt bitte an entsprechende Kleidung und festes Schuhwerk.<\/p>\n<!-- \/wp:paragraph -->\n\n<!-- wp:paragraph -->\n<p>Bis Samstag!<\/p>\n<!-- \/wp:paragraph -->\n\n<!-- wp:paragraph -->\n<p>Matthias<\/p>\n<!-- \/wp:paragraph -->\n\n<!-- wp:paragraph -->\n<p><\/p>\n<!-- \/wp:paragraph --><\/div><\/li>\n<li><a class=\"wp-block-latest-posts__post-title\" href=\"https:\/\/bs-laichingeralb.de\/wordpress\/?p=822\">Hallentraining ist gestartet<\/a><div class=\"wp-block-latest-posts__post-author\">von admin<\/div><time datetime=\"2025-10-17T09:04:12+00:00\" class=\"wp-block-latest-posts__post-date\">17.10.2025<\/time><div class=\"wp-block-latest-posts__post-full-content\"><!-- wp:heading {\"level\":1} -->\n<h1 class=\"wp-block-heading\">Ge\u00e4nderte Trainingstermine der Hallensaison<\/h1>\n<!-- \/wp:heading -->\n\n<!-- wp:paragraph {\"style\":{\"elements\":{\"link\":{\"color\":{\"text\":\"var:preset|color|vivid-red\"}}}},\"textColor\":\"vivid-red\"} -->\n<p class=\"has-vivid-red-color has-text-color has-link-color\"><strong>Das Hallentraining ist ab dem 18.10.2025 er\u00f6ffnet.<br>Bitte beachten: Wir haben ab dem Jahr 2025 ge\u00e4nderte Trainingszeiten.<\/strong><\/p>\n<!-- \/wp:paragraph -->\n\n<!-- wp:table {\"hasFixedLayout\":false} -->\n<figure class=\"wp-block-table\"><table><thead><tr><td>Wann?<\/td><td>Wer?<\/td><td>Wo?<\/td><\/tr><\/thead><tbody><tr><td>Mittwoch<\/td><td>19:00 &#8211; 21:30 Uhr<\/td><td>Erwachsene<\/td><td>Lindenhalle<\/td><\/tr><tr><td>Freitag<\/td><td>18:00 &#8211; 20:00 Uhr<\/td><td>Erwachsene<\/td><td>Lindenhalle<\/td><\/tr><tr><td>Samstag<\/td><td>13:30 &#8211; 15:00 Uhr<\/td><td>Sch\u00fcler \/ Jugend \/ Einsteiger<\/td><td>Sporthalle<\/td><\/tr><tr><td>Samstag<\/td><td>15:15 &#8211; 17:30 Uhr<\/td><td>Erwachsene<\/td><td>Sporthalle<\/td><\/tr><\/tbody><\/table><figcaption class=\"wp-element-caption\">Stand Oktober 2025<\/figcaption><\/figure>\n<!-- \/wp:table -->\n\n<!-- wp:heading -->\n<h2 class=\"wp-block-heading\">Adresse der Halle<\/h2>\n<!-- \/wp:heading -->\n\n<!-- wp:paragraph -->\n<p>Lindenhalle Machtolsheim<br>Lindenstra\u00dfe<br>89150 Laichingen, Machtolsheim<\/p>\n<!-- \/wp:paragraph --><\/div><\/li>\n<li><a class=\"wp-block-latest-posts__post-title\" href=\"https:\/\/bs-laichingeralb.de\/wordpress\/?p=809\">Neujahrsempfang mit Sportlerehrung der Stadt Laichingen<\/a><div class=\"wp-block-latest-posts__post-author\">von Nils<\/div><time datetime=\"2025-01-12T13:38:05+00:00\" class=\"wp-block-latest-posts__post-date\">12.01.2025<\/time><div class=\"wp-block-latest-posts__post-full-content\"><!-- wp:group {\"layout\":{\"type\":\"flex\",\"flexWrap\":\"nowrap\"}} -->\n<div class=\"wp-block-group\"><!-- wp:image {\"id\":811,\"width\":\"409px\",\"height\":\"auto\",\"sizeSlug\":\"large\",\"linkDestination\":\"none\"} -->\n<figure class=\"wp-block-image size-large is-resized\"><img loading=\"lazy\" decoding=\"async\" width=\"1024\" height=\"768\" src=\"https:\/\/bs-laichingeralb.de\/wordpress\/wp-content\/uploads\/2025\/01\/IMG_3799-1-1024x768.jpg\" alt=\"\" class=\"wp-image-811\" style=\"width:409px;height:auto\" srcset=\"https:\/\/bs-laichingeralb.de\/wordpress\/wp-content\/uploads\/2025\/01\/IMG_3799-1-1024x768.jpg 1024w, https:\/\/bs-laichingeralb.de\/wordpress\/wp-content\/uploads\/2025\/01\/IMG_3799-1-300x225.jpg 300w, https:\/\/bs-laichingeralb.de\/wordpress\/wp-content\/uploads\/2025\/01\/IMG_3799-1-768x576.jpg 768w, https:\/\/bs-laichingeralb.de\/wordpress\/wp-content\/uploads\/2025\/01\/IMG_3799-1-1536x1152.jpg 1536w, https:\/\/bs-laichingeralb.de\/wordpress\/wp-content\/uploads\/2025\/01\/IMG_3799-1.jpg 1920w\" sizes=\"auto, (max-width: 1024px) 100vw, 1024px\" \/><\/figure>\n<!-- \/wp:image -->\n\n<!-- wp:paragraph -->\n<p>Am 12.01.2025 fand in Laichingen im Rahmen des Neujahrsempfang, die Sportlerehrung statt. Es wurden Sportler der Stadt f\u00fcr ihre guten Leistungen bei Landes- , Deutschen-  und Internationalen Meisterschaften geehrt. F\u00fcnf Sch\u00fctzen unseres Vereins durften sich hierbei \u00fcber ein Ehrung durch den B\u00fcrgermeister Herr Kaufmann freuen. Geehrt wurden Sonja Schmutz, Tom Auer, Lucia Kupczyk, Isabel H\u00f6fler und Nils K\u00f6hler. Der Verein gratuliert den Geehrten recht herzlich.<\/p>\n<!-- \/wp:paragraph --><\/div>\n<!-- \/wp:group -->\n\n<!-- wp:group {\"layout\":{\"type\":\"grid\"}} -->\n<div class=\"wp-block-group\"><!-- wp:image {\"id\":816,\"sizeSlug\":\"large\",\"linkDestination\":\"none\",\"style\":{\"layout\":{\"columnSpan\":1,\"rowSpan\":1}}} -->\n<figure class=\"wp-block-image size-large\"><img loading=\"lazy\" decoding=\"async\" width=\"1024\" height=\"768\" src=\"https:\/\/bs-laichingeralb.de\/wordpress\/wp-content\/uploads\/2025\/01\/IMG_3822-1024x768.jpg\" alt=\"\" class=\"wp-image-816\" srcset=\"https:\/\/bs-laichingeralb.de\/wordpress\/wp-content\/uploads\/2025\/01\/IMG_3822-1024x768.jpg 1024w, https:\/\/bs-laichingeralb.de\/wordpress\/wp-content\/uploads\/2025\/01\/IMG_3822-300x225.jpg 300w, https:\/\/bs-laichingeralb.de\/wordpress\/wp-content\/uploads\/2025\/01\/IMG_3822-768x576.jpg 768w, https:\/\/bs-laichingeralb.de\/wordpress\/wp-content\/uploads\/2025\/01\/IMG_3822-1536x1152.jpg 1536w, https:\/\/bs-laichingeralb.de\/wordpress\/wp-content\/uploads\/2025\/01\/IMG_3822.jpg 1920w\" sizes=\"auto, (max-width: 1024px) 100vw, 1024px\" \/><\/figure>\n<!-- \/wp:image -->\n\n<!-- wp:image {\"id\":813,\"sizeSlug\":\"large\",\"linkDestination\":\"none\"} -->\n<figure class=\"wp-block-image size-large\"><img loading=\"lazy\" decoding=\"async\" width=\"1024\" height=\"768\" src=\"https:\/\/bs-laichingeralb.de\/wordpress\/wp-content\/uploads\/2025\/01\/IMG_3802-1024x768.jpg\" alt=\"\" class=\"wp-image-813\" srcset=\"https:\/\/bs-laichingeralb.de\/wordpress\/wp-content\/uploads\/2025\/01\/IMG_3802-1024x768.jpg 1024w, https:\/\/bs-laichingeralb.de\/wordpress\/wp-content\/uploads\/2025\/01\/IMG_3802-300x225.jpg 300w, https:\/\/bs-laichingeralb.de\/wordpress\/wp-content\/uploads\/2025\/01\/IMG_3802-768x576.jpg 768w, https:\/\/bs-laichingeralb.de\/wordpress\/wp-content\/uploads\/2025\/01\/IMG_3802-1536x1152.jpg 1536w, https:\/\/bs-laichingeralb.de\/wordpress\/wp-content\/uploads\/2025\/01\/IMG_3802.jpg 1920w\" sizes=\"auto, (max-width: 1024px) 100vw, 1024px\" \/><\/figure>\n<!-- \/wp:image -->\n\n<!-- wp:image {\"id\":814,\"sizeSlug\":\"large\",\"linkDestination\":\"none\"} -->\n<figure class=\"wp-block-image size-large\"><img loading=\"lazy\" decoding=\"async\" width=\"1024\" height=\"768\" src=\"https:\/\/bs-laichingeralb.de\/wordpress\/wp-content\/uploads\/2025\/01\/IMG_3803-1024x768.jpg\" alt=\"\" class=\"wp-image-814\" srcset=\"https:\/\/bs-laichingeralb.de\/wordpress\/wp-content\/uploads\/2025\/01\/IMG_3803-1024x768.jpg 1024w, https:\/\/bs-laichingeralb.de\/wordpress\/wp-content\/uploads\/2025\/01\/IMG_3803-300x225.jpg 300w, https:\/\/bs-laichingeralb.de\/wordpress\/wp-content\/uploads\/2025\/01\/IMG_3803-768x576.jpg 768w, https:\/\/bs-laichingeralb.de\/wordpress\/wp-content\/uploads\/2025\/01\/IMG_3803-1536x1152.jpg 1536w, https:\/\/bs-laichingeralb.de\/wordpress\/wp-content\/uploads\/2025\/01\/IMG_3803.jpg 1920w\" sizes=\"auto, (max-width: 1024px) 100vw, 1024px\" \/><\/figure>\n<!-- \/wp:image -->\n\n<!-- wp:image {\"id\":815,\"sizeSlug\":\"large\",\"linkDestination\":\"none\"} -->\n<figure class=\"wp-block-image size-large\"><img loading=\"lazy\" decoding=\"async\" width=\"1024\" height=\"768\" src=\"https:\/\/bs-laichingeralb.de\/wordpress\/wp-content\/uploads\/2025\/01\/IMG_3808-1024x768.jpg\" alt=\"\" class=\"wp-image-815\" srcset=\"https:\/\/bs-laichingeralb.de\/wordpress\/wp-content\/uploads\/2025\/01\/IMG_3808-1024x768.jpg 1024w, https:\/\/bs-laichingeralb.de\/wordpress\/wp-content\/uploads\/2025\/01\/IMG_3808-300x225.jpg 300w, https:\/\/bs-laichingeralb.de\/wordpress\/wp-content\/uploads\/2025\/01\/IMG_3808-768x576.jpg 768w, https:\/\/bs-laichingeralb.de\/wordpress\/wp-content\/uploads\/2025\/01\/IMG_3808-1536x1152.jpg 1536w, https:\/\/bs-laichingeralb.de\/wordpress\/wp-content\/uploads\/2025\/01\/IMG_3808.jpg 1920w\" sizes=\"auto, (max-width: 1024px) 100vw, 1024px\" \/><\/figure>\n<!-- \/wp:image --><\/div>\n<!-- \/wp:group -->\n\n<!-- wp:paragraph -->\n<p><\/p>\n<!-- \/wp:paragraph --><\/div><\/li>\n<li><div class=\"wp-block-latest-posts__featured-image\"><img loading=\"lazy\" decoding=\"async\" width=\"150\" height=\"150\" src=\"https:\/\/bs-laichingeralb.de\/wordpress\/wp-content\/uploads\/2024\/11\/IMG_3113-150x150.jpg\" class=\"attachment-thumbnail size-thumbnail wp-post-image\" alt=\"\" style=\"\" \/><\/div><a class=\"wp-block-latest-posts__post-title\" href=\"https:\/\/bs-laichingeralb.de\/wordpress\/?p=792\">Kreismeisterschaft WA  Halle 2025<\/a><div class=\"wp-block-latest-posts__post-author\">von Nils<\/div><time datetime=\"2024-11-25T12:51:01+00:00\" class=\"wp-block-latest-posts__post-date\">25.11.2024<\/time><div class=\"wp-block-latest-posts__post-full-content\"><!-- wp:paragraph -->\n<p>Am Sonntag, den 24.11.2024 fand beim WSV Mehrstetten in Mehrstetten die Kreismeisterschaft WA Bogen in der Halle 2025 des Sch\u00fctzenkreises Lichtenstein statt. Bogensportler aus 4 Vereinen des Sch\u00fctzenkreises traten gegeneinander in verschiedenen Bogenarten (olymp.Recurve, Compound, Blank- und Langbogen) an. Dabei spiele das Alter keine Rolle. Von 4 Jahre bis 82 Jahre war alles vertreten, wobei neben der sportlichen Herausforderung, auch der Spa\u00df nicht zu kurz kahm.<\/p>\n<!-- \/wp:paragraph -->\n\n<!-- wp:cover {\"url\":\"https:\/\/bs-laichingeralb.de\/wordpress\/wp-content\/uploads\/2024\/11\/3x-zusammen-1024x745.jpg\",\"id\":796,\"dimRatio\":50,\"style\":{\"color\":[]}} -->\n<div class=\"wp-block-cover\"><span aria-hidden=\"true\" class=\"wp-block-cover__background has-background-dim\"><\/span><img loading=\"lazy\" decoding=\"async\" width=\"1024\" height=\"745\" class=\"wp-block-cover__image-background wp-image-796\" alt=\"\" src=\"https:\/\/bs-laichingeralb.de\/wordpress\/wp-content\/uploads\/2024\/11\/3x-zusammen-1024x745.jpg\" data-object-fit=\"cover\" srcset=\"https:\/\/bs-laichingeralb.de\/wordpress\/wp-content\/uploads\/2024\/11\/3x-zusammen-1024x745.jpg 1024w, https:\/\/bs-laichingeralb.de\/wordpress\/wp-content\/uploads\/2024\/11\/3x-zusammen-300x218.jpg 300w, https:\/\/bs-laichingeralb.de\/wordpress\/wp-content\/uploads\/2024\/11\/3x-zusammen-768x559.jpg 768w, https:\/\/bs-laichingeralb.de\/wordpress\/wp-content\/uploads\/2024\/11\/3x-zusammen-1536x1117.jpg 1536w, https:\/\/bs-laichingeralb.de\/wordpress\/wp-content\/uploads\/2024\/11\/3x-zusammen.jpg 1754w\" sizes=\"auto, (max-width: 1024px) 100vw, 1024px\" \/><div class=\"wp-block-cover__inner-container\"><!-- wp:paragraph {\"align\":\"right\",\"fontSize\":\"large\"} -->\n<p class=\"has-text-align-right has-large-font-size\">Ob Leistungssch\u00fctze, <\/p>\n<!-- \/wp:paragraph -->\n\n<!-- wp:paragraph {\"align\":\"right\",\"fontSize\":\"large\"} -->\n<p class=\"has-text-align-right has-large-font-size\">Freizeitsch\u00fctze oder<\/p>\n<!-- \/wp:paragraph -->\n\n<!-- wp:paragraph {\"align\":\"right\",\"fontSize\":\"large\"} -->\n<p class=\"has-text-align-right has-large-font-size\"> Anf\u00e4nger alles war <\/p>\n<!-- \/wp:paragraph -->\n\n<!-- wp:paragraph {\"align\":\"right\",\"fontSize\":\"large\"} -->\n<p class=\"has-text-align-right has-large-font-size\">vertreten und <\/p>\n<!-- \/wp:paragraph -->\n\n<!-- wp:paragraph {\"align\":\"right\",\"fontSize\":\"large\"} -->\n<p class=\"has-text-align-right has-large-font-size\">jeder gab sein Bestes.<\/p>\n<!-- \/wp:paragraph --><\/div><\/div>\n<!-- \/wp:cover -->\n\n<!-- wp:paragraph -->\n<p><\/p>\n<!-- \/wp:paragraph -->\n\n<!-- wp:image {\"id\":797,\"width\":\"219px\",\"height\":\"auto\",\"sizeSlug\":\"large\",\"linkDestination\":\"none\"} -->\n<figure class=\"wp-block-image size-large is-resized\"><img loading=\"lazy\" decoding=\"async\" width=\"853\" height=\"1024\" src=\"https:\/\/bs-laichingeralb.de\/wordpress\/wp-content\/uploads\/2024\/11\/IMG_3227-853x1024.jpg\" alt=\"\" class=\"wp-image-797\" style=\"width:219px;height:auto\" srcset=\"https:\/\/bs-laichingeralb.de\/wordpress\/wp-content\/uploads\/2024\/11\/IMG_3227-853x1024.jpg 853w, https:\/\/bs-laichingeralb.de\/wordpress\/wp-content\/uploads\/2024\/11\/IMG_3227-250x300.jpg 250w, https:\/\/bs-laichingeralb.de\/wordpress\/wp-content\/uploads\/2024\/11\/IMG_3227-768x922.jpg 768w, https:\/\/bs-laichingeralb.de\/wordpress\/wp-content\/uploads\/2024\/11\/IMG_3227-1280x1536.jpg 1280w, https:\/\/bs-laichingeralb.de\/wordpress\/wp-content\/uploads\/2024\/11\/IMG_3227.jpg 1600w\" sizes=\"auto, (max-width: 853px) 100vw, 853px\" \/><\/figure>\n<!-- \/wp:image -->\n\n<!-- wp:file {\"id\":794,\"href\":\"https:\/\/bs-laichingeralb.de\/wordpress\/wp-content\/uploads\/2024\/11\/Ergebnisliste-gesammt-KM-Halle-2025.pdf\",\"displayPreview\":true} -->\n<div class=\"wp-block-file\"><object class=\"wp-block-file__embed\" data=\"https:\/\/bs-laichingeralb.de\/wordpress\/wp-content\/uploads\/2024\/11\/Ergebnisliste-gesammt-KM-Halle-2025.pdf\" type=\"application\/pdf\" style=\"width:100%;height:600px\" aria-label=\"Ergebnisliste gesammt KM Halle 2025\"><\/object><a id=\"wp-block-file--media-6996d1e5-8a7d-4ebb-b978-32799255b34b\" href=\"https:\/\/bs-laichingeralb.de\/wordpress\/wp-content\/uploads\/2024\/11\/Ergebnisliste-gesammt-KM-Halle-2025.pdf\">Ergebnisliste gesammt KM Halle 2025<\/a><a href=\"https:\/\/bs-laichingeralb.de\/wordpress\/wp-content\/uploads\/2024\/11\/Ergebnisliste-gesammt-KM-Halle-2025.pdf\" class=\"wp-block-file__button wp-element-button\" download aria-describedby=\"wp-block-file--media-6996d1e5-8a7d-4ebb-b978-32799255b34b\">Herunterladen<\/a><\/div>\n<!-- \/wp:file -->\n\n<!-- wp:paragraph -->\n<p><\/p>\n<!-- \/wp:paragraph --><\/div><\/li>\n<\/ul>\n\n\n<p><\/p>\n","protected":false},"excerpt":{"rendered":"<p>Hier findet ihr alles was es Neues aus dem Verein gibt.<\/p>\n","protected":false},"author":1,"featured_media":0,"parent":0,"menu_order":0,"comment_status":"closed","ping_status":"closed","template":"","meta":{"_uag_custom_page_level_css":"","site-sidebar-layout":"default","site-content-layout":"","ast-site-content-layout":"default","site-content-style":"default","site-sidebar-style":"default","ast-global-header-display":"","ast-banner-title-visibility":"","ast-main-header-display":"","ast-hfb-above-header-display":"","ast-hfb-below-header-display":"","ast-hfb-mobile-header-display":"","site-post-title":"","ast-breadcrumbs-content":"","ast-featured-img":"","footer-sml-layout":"","ast-disable-related-posts":"","theme-transparent-header-meta":"","adv-header-id-meta":"","stick-header-meta":"","header-above-stick-meta":"","header-main-stick-meta":"","header-below-stick-meta":"","astra-migrate-meta-layouts":"default","ast-page-background-enabled":"default","ast-page-background-meta":{"desktop":{"background-color":"var(--ast-global-color-4)","background-image":"","background-repeat":"repeat","background-position":"center center","background-size":"auto","background-attachment":"scroll","background-type":"","background-media":"","overlay-type":"","overlay-color":"","overlay-opacity":"","overlay-gradient":""},"tablet":{"background-color":"","background-image":"","background-repeat":"repeat","background-position":"center center","background-size":"auto","background-attachment":"scroll","background-type":"","background-media":"","overlay-type":"","overlay-color":"","overlay-opacity":"","overlay-gradient":""},"mobile":{"background-color":"","background-image":"","background-repeat":"repeat","background-position":"center center","background-size":"auto","background-attachment":"scroll","background-type":"","background-media":"","overlay-type":"","overlay-color":"","overlay-opacity":"","overlay-gradient":""}},"ast-content-background-meta":{"desktop":{"background-color":"var(--ast-global-color-5)","background-image":"","background-repeat":"repeat","background-position":"center center","background-size":"auto","background-attachment":"scroll","background-type":"","background-media":"","overlay-type":"","overlay-color":"","overlay-opacity":"","overlay-gradient":""},"tablet":{"background-color":"var(--ast-global-color-5)","background-image":"","background-repeat":"repeat","background-position":"center center","background-size":"auto","background-attachment":"scroll","background-type":"","background-media":"","overlay-type":"","overlay-color":"","overlay-opacity":"","overlay-gradient":""},"mobile":{"background-color":"var(--ast-global-color-5)","background-image":"","background-repeat":"repeat","background-position":"center center","background-size":"auto","background-attachment":"scroll","background-type":"","background-media":"","overlay-type":"","overlay-color":"","overlay-opacity":"","overlay-gradient":""}},"_mc_calendar":[],"footnotes":""},"class_list":["post-44","page","type-page","status-publish","hentry"],"uagb_featured_image_src":{"full":false,"thumbnail":false,"medium":false,"medium_large":false,"large":false,"1536x1536":false,"2048x2048":false},"uagb_author_info":{"display_name":"admin","author_link":"https:\/\/bs-laichingeralb.de\/wordpress\/?author=1"},"uagb_comment_info":0,"uagb_excerpt":"Hier findet ihr alles was es Neues aus dem Verein gibt.","_links":{"self":[{"href":"https:\/\/bs-laichingeralb.de\/wordpress\/index.php?rest_route=\/wp\/v2\/pages\/44","targetHints":{"allow":["GET"]}}],"collection":[{"href":"https:\/\/bs-laichingeralb.de\/wordpress\/index.php?rest_route=\/wp\/v2\/pages"}],"about":[{"href":"https:\/\/bs-laichingeralb.de\/wordpress\/index.php?rest_route=\/wp\/v2\/types\/page"}],"author":[{"embeddable":true,"href":"https:\/\/bs-laichingeralb.de\/wordpress\/index.php?rest_route=\/wp\/v2\/users\/1"}],"replies":[{"embeddable":true,"href":"https:\/\/bs-laichingeralb.de\/wordpress\/index.php?rest_route=%2Fwp%2Fv2%2Fcomments&post=44"}],"version-history":[{"count":5,"href":"https:\/\/bs-laichingeralb.de\/wordpress\/index.php?rest_route=\/wp\/v2\/pages\/44\/revisions"}],"predecessor-version":[{"id":216,"href":"https:\/\/bs-laichingeralb.de\/wordpress\/index.php?rest_route=\/wp\/v2\/pages\/44\/revisions\/216"}],"wp:attachment":[{"href":"https:\/\/bs-laichingeralb.de\/wordpress\/index.php?rest_route=%2Fwp%2Fv2%2Fmedia&parent=44"}],"curies":[{"name":"wp","href":"https:\/\/api.w.org\/{rel}","templated":true}]}}