{"id":72,"date":"2022-04-30T06:00:53","date_gmt":"2022-04-30T06:00:53","guid":{"rendered":"https:\/\/bs-laichingeralb.de\/wordpress\/?page_id=72"},"modified":"2023-04-10T08:09:57","modified_gmt":"2023-04-10T08:09:57","slug":"mitglied-werden","status":"publish","type":"page","link":"https:\/\/bs-laichingeralb.de\/wordpress\/?page_id=72","title":{"rendered":"Mitglied werden"},"content":{"rendered":"\n<h2 class=\"wp-block-heading\">Wer und wie kann man Mitglied beim BS Laichinger Alb werden?<\/h2>\n\n\n\n<p>Mitglied kann jede vollj\u00e4hrige nat\u00fcrliche oder juristische Person werden. Hierzu ist der vollst\u00e4ndig ausgef\u00fcllte&nbsp;<a href=\"https:\/\/bs-laichingeralb.de\/wordpress\/wp-content\/uploads\/2022\/04\/Aufnahmeantrag_BSLA.pdf\" target=\"_blank\" rel=\"noreferrer noopener\">Aufnahmeantrag<\/a>&nbsp;schriftlich bei einem&nbsp;<a href=\"https:\/\/bs-laichingeralb.de\/wordpress\/?page_id=70\" data-type=\"page\" data-id=\"70\">Vorstandsmitglied<\/a>&nbsp;einzureichen. Bei Minderj\u00e4hrigen wird zus\u00e4tzlich die Unterschrift des\/der Erziehungsberechtigten ben\u00f6tigt.<\/p>\n\n\n\n<p>Der BS Laichinger Alb e.V. unterscheidet zwischen aktiven und passiven Mitgliedern. Aktive Mitglieder erhalten einen Sch\u00fctzenausweis, der sie berechtigt f\u00fcr den Verein bei Turnieren zu starten.<\/p>\n\n\n\n<p>Der BS Laichinger Alb e.V. bietet Familienmitgliedschaften an. F\u00fcr die Familienmitgliedschaft ist zwingende Voraussetzung, dass ein Erwachsener Mitglied ist und ein gemeinsamer Hausstand der Familienmitglieder gegeben ist.<\/p>\n\n\n\n<h2 class=\"wp-block-heading\">Probetraining und Probemitgliedschaft<\/h2>\n\n\n\n<p>Interessenten d\u00fcrfen dreimal kostenlos am Training teilnehmen. Danach gibt es unsere Probemitgliedschaft, die sich nach 12 Monaten \u00fcber die Aufnahme durch die Vorstandschaft in eine ordentliche Mitgliedschaft wandelt. In dieser Zeit haben Sie die M\u00f6glichkeit einer monatlichen K\u00fcndigung. Die Aufnahmegeb\u00fchr wird mit der Aufnahme f\u00e4llig.<\/p>\n\n\n\n<h2 class=\"wp-block-heading\">Mitgliedsbeitr\u00e4ge, Aufnahmegeb\u00fchren und Bogenmiete<\/h2>\n\n\n\n<h3 class=\"wp-block-heading\">Mitgliedsbeitr\u00e4ge<\/h3>\n\n\n\n<figure class=\"wp-block-table\"><table><thead><tr><td>Mietgliedergruppe<\/td><td>aktive Mitgliedschaft<\/td><td>passive Mitgliedschaft<\/td><\/tr><\/thead><tbody><tr><td>Erwachsene<\/td><td>100\u20ac<\/td><td>40\u20ac<\/td><\/tr><tr><td>Azubis, Studenten, Rentner,<br>Freiwilligendienstleistende, Schwerbehinderte<\/td><td>60\u20ac<\/td><td>30\u20ac<\/td><\/tr><tr><td>Kinder und Jugendliche bis 18 Jahre<\/td><td>35\u20ac<\/td><td>25\u20ac<\/td><\/tr><tr><td>Familienangeh\u00f6rige eines<br>erwachsenen Mitgliedes<br>Alter ab 18 Jahre<\/td><td>70\u20ac<\/td><td>30\u20ac<\/td><\/tr><tr><td>Alter bis 18 Jahre<\/td><td>25\u20ac<\/td><td>15\u20ac<\/td><\/tr><\/tbody><\/table><figcaption class=\"wp-element-caption\">Stand April 2022<\/figcaption><\/figure>\n\n\n\n<h3 class=\"wp-block-heading\">Aufnahmegeb\u00fchren<\/h3>\n\n\n\n<p>Die Aufnahmegeb\u00fchr f\u00fcr erwachsene Sch\u00fctzen betr\u00e4gt einen Jahresmitgliedsbeitrag.<\/p>\n\n\n\n<h3 class=\"wp-block-heading\">Bogenmiete<\/h3>\n\n\n\n<p>Angehenden Bogensch\u00fctzen und Bogensch\u00fctzinnen wird bis zum Erreichen der Grundfertigkeiten sowie eines stabilen Zuggewichtes das Leihen eines Bogens empfohlen.<\/p>\n\n\n\n<p>Der Verein bietet entsprechende Leihb\u00f6gen f\u00fcr 30\u20ac pro Saison (Halbjahr) an.<\/p>\n\n\n\n<p>Der Ausleihschein ist <a href=\"https:\/\/bs-laichingeralb.de\/wordpress\/wp-content\/uploads\/2023\/04\/Materialausleihe-BSLA.pdf\">hier<\/a> zu finden.<\/p>\n\n\n\n<h2 class=\"wp-block-heading\">Satzung und Aufnahmeantrag<\/h2>\n\n\n\n<p>Die Satzung des BS Laichinger Alb e.V. kann unter diesem<a>&nbsp;<\/a>Link&nbsp;heruntergeladen werden.<\/p>\n\n\n\n<p>Der Aufnahmeantrag ist&nbsp;<a href=\"https:\/\/bs-laichingeralb.de\/wordpress\/wp-content\/uploads\/2022\/04\/Aufnahmeantrag_BSLA.pdf\" target=\"_blank\" rel=\"noreferrer noopener\">hier<\/a>&nbsp;zu finden.<\/p>\n\n\n\n<h1 class=\"wp-block-heading\">Gastsch\u00fctzen<\/h1>\n\n\n\n<p>Gastsch\u00fctzen mit eigenem Bogen d\u00fcrfen auf unserem Bogengel\u00e4nde (nicht in der Halle) im Beisein eines Vereinsmitglieds trainieren. Die Anmeldung und Bezahlung erfolgt bei der Vorstandschaft (Erhalt der G\u00e4stekarte). Die Platzbenutzung ohne Zahlungsnachweis ist nicht erlaubt. F\u00fcr den eigenen Versicherungsschutz ist zu sorgen.<\/p>\n\n\n\n<h2 class=\"wp-block-heading\">Preise f\u00fcr G\u00e4stekarten<\/h2>\n\n\n\n<figure class=\"wp-block-table\"><table><tbody><tr><td>Einzelkarte (1 Sch\u00fctze und Trainingstag)<\/td><td>3\u20ac<\/td><\/tr><tr><td>Zehnerkarte<\/td><td>20\u20ac<\/td><\/tr><\/tbody><\/table><figcaption class=\"wp-element-caption\">Stand April 2022<\/figcaption><\/figure>\n","protected":false},"excerpt":{"rendered":"<p>Wer und wie kann man Mitglied beim BS Laichinger Alb werden? Mitglied kann jede vollj\u00e4hrige nat\u00fcrliche oder juristische Person werden. Hierzu ist der vollst\u00e4ndig ausgef\u00fcllte&nbsp;Aufnahmeantrag&nbsp;schriftlich bei einem&nbsp;Vorstandsmitglied&nbsp;einzureichen. Bei Minderj\u00e4hrigen wird zus\u00e4tzlich die Unterschrift des\/der Erziehungsberechtigten ben\u00f6tigt. Der BS Laichinger Alb e.V. unterscheidet zwischen aktiven und passiven Mitgliedern. Aktive Mitglieder erhalten einen Sch\u00fctzenausweis, der sie berechtigt [&hellip;]<\/p>\n","protected":false},"author":1,"featured_media":0,"parent":0,"menu_order":0,"comment_status":"closed","ping_status":"closed","template":"","meta":{"_uag_custom_page_level_css":"","site-sidebar-layout":"default","site-content-layout":"","ast-site-content-layout":"default","site-content-style":"default","site-sidebar-style":"default","ast-global-header-display":"","ast-banner-title-visibility":"","ast-main-header-display":"","ast-hfb-above-header-display":"","ast-hfb-below-header-display":"","ast-hfb-mobile-header-display":"","site-post-title":"","ast-breadcrumbs-content":"","ast-featured-img":"","footer-sml-layout":"","ast-disable-related-posts":"","theme-transparent-header-meta":"","adv-header-id-meta":"","stick-header-meta":"","header-above-stick-meta":"","header-main-stick-meta":"","header-below-stick-meta":"","astra-migrate-meta-layouts":"default","ast-page-background-enabled":"default","ast-page-background-meta":{"desktop":{"background-color":"var(--ast-global-color-4)","background-image":"","background-repeat":"repeat","background-position":"center center","background-size":"auto","background-attachment":"scroll","background-type":"","background-media":"","overlay-type":"","overlay-color":"","overlay-opacity":"","overlay-gradient":""},"tablet":{"background-color":"","background-image":"","background-repeat":"repeat","background-position":"center center","background-size":"auto","background-attachment":"scroll","background-type":"","background-media":"","overlay-type":"","overlay-color":"","overlay-opacity":"","overlay-gradient":""},"mobile":{"background-color":"","background-image":"","background-repeat":"repeat","background-position":"center center","background-size":"auto","background-attachment":"scroll","background-type":"","background-media":"","overlay-type":"","overlay-color":"","overlay-opacity":"","overlay-gradient":""}},"ast-content-background-meta":{"desktop":{"background-color":"var(--ast-global-color-5)","background-image":"","background-repeat":"repeat","background-position":"center center","background-size":"auto","background-attachment":"scroll","background-type":"","background-media":"","overlay-type":"","overlay-color":"","overlay-opacity":"","overlay-gradient":""},"tablet":{"background-color":"var(--ast-global-color-5)","background-image":"","background-repeat":"repeat","background-position":"center center","background-size":"auto","background-attachment":"scroll","background-type":"","background-media":"","overlay-type":"","overlay-color":"","overlay-opacity":"","overlay-gradient":""},"mobile":{"background-color":"var(--ast-global-color-5)","background-image":"","background-repeat":"repeat","background-position":"center center","background-size":"auto","background-attachment":"scroll","background-type":"","background-media":"","overlay-type":"","overlay-color":"","overlay-opacity":"","overlay-gradient":""}},"_mc_calendar":[],"footnotes":""},"class_list":["post-72","page","type-page","status-publish","hentry"],"uagb_featured_image_src":{"full":false,"thumbnail":false,"medium":false,"medium_large":false,"large":false,"1536x1536":false,"2048x2048":false},"uagb_author_info":{"display_name":"admin","author_link":"https:\/\/bs-laichingeralb.de\/wordpress\/?author=1"},"uagb_comment_info":0,"uagb_excerpt":"Wer und wie kann man Mitglied beim BS Laichinger Alb werden? Mitglied kann jede vollj\u00e4hrige nat\u00fcrliche oder juristische Person werden. Hierzu ist der vollst\u00e4ndig ausgef\u00fcllte&nbsp;Aufnahmeantrag&nbsp;schriftlich bei einem&nbsp;Vorstandsmitglied&nbsp;einzureichen. Bei Minderj\u00e4hrigen wird zus\u00e4tzlich die Unterschrift des\/der Erziehungsberechtigten ben\u00f6tigt. Der BS Laichinger Alb e.V. unterscheidet zwischen aktiven und passiven Mitgliedern. Aktive Mitglieder erhalten einen Sch\u00fctzenausweis, der sie berechtigt&hellip;","_links":{"self":[{"href":"https:\/\/bs-laichingeralb.de\/wordpress\/index.php?rest_route=\/wp\/v2\/pages\/72","targetHints":{"allow":["GET"]}}],"collection":[{"href":"https:\/\/bs-laichingeralb.de\/wordpress\/index.php?rest_route=\/wp\/v2\/pages"}],"about":[{"href":"https:\/\/bs-laichingeralb.de\/wordpress\/index.php?rest_route=\/wp\/v2\/types\/page"}],"author":[{"embeddable":true,"href":"https:\/\/bs-laichingeralb.de\/wordpress\/index.php?rest_route=\/wp\/v2\/users\/1"}],"replies":[{"embeddable":true,"href":"https:\/\/bs-laichingeralb.de\/wordpress\/index.php?rest_route=%2Fwp%2Fv2%2Fcomments&post=72"}],"version-history":[{"count":6,"href":"https:\/\/bs-laichingeralb.de\/wordpress\/index.php?rest_route=\/wp\/v2\/pages\/72\/revisions"}],"predecessor-version":[{"id":474,"href":"https:\/\/bs-laichingeralb.de\/wordpress\/index.php?rest_route=\/wp\/v2\/pages\/72\/revisions\/474"}],"wp:attachment":[{"href":"https:\/\/bs-laichingeralb.de\/wordpress\/index.php?rest_route=%2Fwp%2Fv2%2Fmedia&parent=72"}],"curies":[{"name":"wp","href":"https:\/\/api.w.org\/{rel}","templated":true}]}}